**3 - 2*b**2 - 464*b + 2352. Determine j(5).
-393
Let p(g) = 2*g**3 + 7*g**2 + 3370*g + 20188. Give p(-6).
-212
Let m(c) = -7*c**3 - 10*c**2 - 104*c - 232. Give m(-5).
913
Let c(y) = 9*y**3 - 2*y**2 + 3*y + 17. Give c(0).
17
Let n(l) = l**3 - 11*l**2 - 412*l - 998. Calculate n(0).
-998
Let l(q) = -7*q**3 - 124*q**2 - 279*q + 1954. Determine l(-13).
4
Let b(w) = 730*w - 2242. Determine b(3).
-52
Let t(f) = 35812*f + 7556325. Give t(-211).
-7
Let l(n) = -n**2 + 224*n - 13127. What is l(125)?
-752
Let y(d) = -633*d - 269650. What is y(-426)?
8
Let g(f) = 35026*f - 2101620. Calculate g(60).
-60
Let m(r) = -58*r**2 - 97*r + 898. Calculate m(8).
-3590
Let g(t) = 17*t**2 + 329*t - 1. Give g(-18).
-415
Let u(p) = 120441*p - 1927062. Calculate u(16).
-6
Let f(i) = -3*i**2 - 373*i - 7175. Calculate f(-24).
49
Let b(a) = -6*a**3 + 995*a**2 + 3*a + 111. Calculate b(0).
111
Let t(o) = 1718*o - 108701. Calculate t(63).
-467
Let p(t) = 42291*t - 110. Determine p(0).
-110
Let x(y) = 217*y**2 - 7625*y + 1044. Determine x(35).
-6
Let a(o) = o**3 + 14*o. Give a(0).
0
Let u(o) = -o**2 - 992*o - 19479. Give u(-20).
-39
Let s(p) = -11*p**2 - 371*p - 555. Calculate s(-32).
53
Let w(o) = o**3 - 12*o**2 + 503*o - 7436. Give w(14).
-2
Let k(g) = -184*g - 168. Give k(-10).
1672
Let g(d) = -4*d**3 - 31*d**2 - 28*d - 2. Calculate g(-2).
-38
Let a(u) = 2*u**3 + 202*u**2 + 182*u - 443. Determine a(-100).
1357
Let w(v) = 13*v**2 + 127*v - 78. Determine w(-11).
98
Let b(c) = -2*c**3 + 16*c**2 + 396*c - 2845. Determine b(7).
25
Let u(a) = -1168*a**2 - 1110770*a - 1896. Calculate u(-951).
6
Let p(d) = -d**3 - 25*d**2 + 2669*d + 78218. Determine p(-32).
-22
Let u(k) = 90*k**2 - 94*k + 72. Determine u(1).
68
Let m(x) = -547*x**2 - 422827*x + 3107. Determine m(-773).
15
Let f(g) = 2*g**3 + 596*g**2 - 16*g - 4799. What is f(-298)?
-31
Let j(a) = -a**3 + 43*a**2 - 220*a + 2395. Give j(39).
-101
Let x(f) = -450*f - 75451. Calculate x(-169).
599
Let y(z) = -1128*z + 35785. Give y(32).
-311
Let b(v) = -3162*v - 123330. Calculate b(-39).
-12
Let h(v) = 2*v**3 - 2*v**2 - 30*v + 144. Give h(4).
120
Let c(u) = -u**2 + 19335*u - 193073. What is c(10)?
177
Let f(n) = -21246*n + 21220. Give f(1).
-26
Let b(r) = 110*r**2 + 20259*r - 258950. Calculate b(12).
-2
Let z(m) = -129690*m - 3112556. Determine z(-24).
4
Let u(p) = -p**3 + 19*p**2 + 138*p + 53. What is u(22)?
1637
Let x(v) = v**3 - 13*v**2 + 21*v - 85. Give x(11).
-96
Let f(x) = 8*x**3 + 6424*x**2 + 954*x + 766058. Give f(-803).
-4
Let d(w) = 2*w**3 - 73*w**2 + 540*w - 21318. Calculate d(37).
31
Let b(c) = 2*c**2 - 34417*c - 172131. Calculate b(-5).
4
Let k(m) = 14*m**2 - 5126*m + 123820. Determine k(26).
8
Let w(a) = a**3 + 3*a**2 - 1270*a - 29. Determine w(0).
-29
Let x(a) = -5*a**3 + 121*a**2 + 17*a + 319. Calculate x(24).
1303
Let q(d) = 2*d**2 - 35*d - 1024. Calculate q(-19).
363
Let w(z) = 71*z**2 + 1002*z + 64. Give w(-14).
-48
Let l(g) = -101109*g - 1213214. Give l(-12).
94
Let g(x) = 2*x**3 - 1831*x**2 + 2755*x - 11887. Calculate g(914).
-5
Let z(k) = -595*k + 68894. Give z(116).
-126
Let n(y) = -278*y**2 - 1387*y - 71. Calculate n(-5).
-86
Let d(a) = -6*a**3 - 21*a**2 + 385*a + 2147. Determine d(-6).
377
Let u(c) = -3*c**2 + 146*c + 8405. Calculate u(-34).
-27
Let h(u) = 7*u**3 + 95*u**2 + 264*u - 19. Give h(-4).
-3
Let o(n) = -3*n**2 + 11375*n - 169956. Determine o(15).
-6
Let m(n) = -20*n**3 - 8*n**2 - 17*n - 30. Give m(-5).
2355
Let n(p) = 2*p**2 - 269*p - 11775. Give n(-36).
501
Let x(w) = -41275*w - 82619. What is x(-2)?
-69
Let f(g) = g**2 + 872*g + 53957. Give f(-67).
22
Let w(m) = m**2 + 1271*m + 34528. Calculate w(-28).
-276
Let i(j) = j**3 + 19*j**2 + 6*j + 72. Give i(-19).
-42
Let v(x) = -x**3 - 21*x**2 - 25*x + 60. What is v(5)?
-715
Let u(y) = -2*y**3 + 376*y**2 - 2873*y - 1263. Determine u(180).
-3
Let u(l) = -9*l**3 + 2*l**2 - 15*l - 27. What is u(-1)?
-1
Let p(u) = -5*u**3 + 653*u**2 + 917*u + 902. What is p(132)?
-22
Let v(c) = -115*c**2 - 7283*c + 39290. What is v(5)?
0
Let b(h) = -2*h**3 + 75*h**2 - 46*h - 2473. Determine b(36).
-241
Let q(i) = -3*i**3 + 16*i**2 - 5777*i + 34737. Determine q(6).
3
Let p(b) = -2*b**2 - 1445*b + 23792. Calculate p(16).
160
Let w(h) = 171707*h - 343421. Give w(2).
-7
Let k(p) = 262*p - 1416. Calculate k(34).
7492
Let c(v) = -v**3 - 408*v**2 + 774*v + 92. Give c(2).
0
Let x(c) = -c**2 + 30319*c - 1875913. What is x(62)?
21
Let t(u) = 5131*u + 10291. Calculate t(-2).
29
Let p(c) = 101*c**2 + 2810*c - 16577. Calculate p(5).
-2
Let d(j) = 68687*j + 274740. Give d(-4).
-8
Let r(b) = -9441*b + 37777. Determine r(4).
13
Let j(r) = 1788*r + 262798. Determine j(-147).
-38
Let s(v) = -5736*v - 17222. Determine s(-3).
-14
Let m(w) = 14*w**3 + 3932*w**2 - 28208*w - 15. What is m(7)?
-1
Let r(c) = -203340*c + 1830083. Calculate r(9).
23
Let n(r) = -13*r**2 + 82*r + 131. Give n(10).
-349
Let v(o) = o**3 - 21*o**2 + 3*o + 1161. What is v(16)?
-71
Let i(f) = 83*f - 7814. What is i(111)?
1399
Let d(x) = -332*x + 3896. Determine d(11).
244
Let f(k) = -562*k - 6055. Give f(-12).
689
Let v(z) = 2110*z**2 + 3*z + 15. Calculate v(0).
15
Let b(j) = j**3 + 270*j**2 - 43289*j - 3828. Give b(-383).
2
Let m(d) = -1782*d + 3575. Determine m(2).
11
Let o(b) = -b**2 + 482*b - 24989. What is o(58)?
-397
Let l(v) = -45*v**2 + 30182*v + 8992. What is l(671)?
269
Let v(k) = -52828*k - 27787530. Give v(-526).
-2
Let q(i) = 4065*i + 52852. Calculate q(-13).
7
Let f(w) = -2*w**3 + 47*w**2 + 324*w + 23. What is f(-6)?
203
Let p(s) = -s**3 - 47*s**2 - 721*s - 7711. Give p(-32).
1
Let m(s) = -287910*s - 4030764. What is m(-14)?
-24
Let o(d) = -9*d**2 + 216*d - 36. What is o(28)?
-1044
Let l(z) = 7*z**2 - 1366*z + 1920. Determine l(193).
-975
Let v(m) = -13*m**2 + 367*m - 92. What is v(28)?
-8
Let v(w) = 6*w**2 + 405*w - 1527. Determine v(-71).
-36
Let y(b) = -79*b**2 + 1826*b + 16. Calculate y(24).
-1664
Let x(n) = n**2 + 1286*n - 204353. Give x(143).
-6
Let v(q) = -4*q**3 + 21*q**2 + 168*q + 64. Calculate v(-6).
676
Let a(s) = -222755*s + 2673067. What is a(12)?
7
Let y(i) = -178*i + 6212. Calculate y(40).
-908
Let p(d) = d**3 - 23*d**2 - 277*d + 5701. Calculate p(15).
-254
Let u(w) = 4*w**3 + 40*w**2 + 77*w + 628. Calculate u(-10).
-142
Let t(r) = -8*r**3 - 2454*r**2 + 605*r - 2745. Calculate t(-307).
18
Let z(c) = -866*c**2 + 37295*c - 2452. Determine z(43).
-1
Let r(l) = 5*l**2 + 2945*l + 29229. Give r(-10).
279
Let c(w) = 12*w**3 - 302*w**2 - 286*w + 673. Give c(26).
-3
Let j(k) = -k**2 - 209*k - 6149. Determine j(-36).
79
Let h(o) = -1969*o - 3824. Calculate h(-2).
114
Let x(i) = 3*i**3 + 655*i**2 - 422*i + 3515. Determine x(-219).
11
Let x(h) = h**3 - 23*h**2 + 79*h - 414. Calculate x(20).
-34
Let f(r) = -r**3 + 77*r**2 + 1194*r - 2052. Calculate f(90).
108
Let x(z) = -z**3 - 96*z**2 + 4413*z - 408. Calculate x(-130).
502
Let v(o) = 7*o**2 - 73732*o + 4. Determine v(0).
4
Let d(a) = 18*a + 179. Determine d(9).
341
Let p(z) = 2*z**2 + 4912*z + 48919. What is p(-10)?
-1
Let z(k) = 150*k**2 + 1321*k - 1324. Give z(1).
147
Let s(f) = 121*f + 2524. Determine s(-33).
-1469
Let o(c) = 8*c + 104. What is o(-4)?
72
Let l(n) = -1494*n - 379508. What is l(-254)?
-32
Let m(l) = 2*l**3 + 87*l**2 - 554*l - 646. What is m(-49)?
89
Let q(b) = 2655*b + 3709. Give q(-2).
-1601
Let s(d) = d**3 + 18*d**2 + 6201*d - 2. Calculate s(0).
-2
Let q(z) = 2*z**2 + 2251*z + 471238. What is q(-278)?
28
Let j(c) = 3515*c - 428842. What is j(122)?
-12
Let t(m) = 2*m**3 + 76*m**2 + 549*m - 1227. Calculate t(-27).
-12
Let p(m) = 3213*m + 6452. Give p(-2).
26
Let r(t) = -t**3 - 156*t**2 + 13508*t - 1724. Determine r(-218).
20
Let h(p) = 8*p**3 + 455*p**2 + 2030*p + 75. Determine h(-52).
-29
Let v(q) = -2*q**2 + 15284*q + 521969. What is v(-34)?
1
Let j(t) = -6*t**3 + 114*t**2 + 170*t - 106. Determine j(-2).
58
Let g(r) = -988*r + 60237. Calculate g(61).
-31
Let h(w) = 18*w**3 - 333*w**2 + 664*w + 3. Determine h(2).
143
Let d(u) = -40*u**2 - 119*u - 403. What is d(-7)?
-1530
Let j(b) = -b**3 + 26*b**2 + 35*b - 135. Calculate j(28).
-723
Let f(m) = -m**2 + 2940*m - 95968. What is f(33)?
-37
Let r(m) = -167*m - 16120. Calculate r(-104).
1248
Let h(p) = -1810*p**2 + 1665202*p - 1834. Determine h(920).
6
Let d(b) = 2*b**2 + 822*b - 18570. Calcu